*c. Suppose -s + b = -1661, -5*s + 0*s + 2*b + 8293 = c. Is s composite?
False
Let o = 182 - 186. Is 3484/44*1 - o/(-22) prime?
True
Let o be -1*1*-1 - -305. Let a be ((-76)/(-12) - (-1)/(-3)) + (-41 - -35). Is (o - a) + -1 + -4 + 6 composite?
False
Let r(d) = -22601*d - 2245. Is r(-4) a prime number?
False
Let w(p) = 4519*p**2 - 1606*p + 8066. Is w(5) a composite number?
False
Suppose 15*x - 17258 = -3263. Let d = 234 + x. Is d prime?
False
Suppose -a + h = -0*a + 1, 0 = -3*a + 5*h - 13. Is 148871/164 - 3/a prime?
True
Let r(s) be the third derivative of -205*s**4/4 - 107*s**3/6 - 16*s**2. Let w(p) = -410*p - 35. Let t(b) = -2*r(b) + 7*w(b). Is t(-6) composite?
True
Let a be -6*1/(-9)*6. Suppose -h = -5*g - a, -5*h - 4*g + 1 - 39 = 0. Let j(n) = -3*n**3 - 6*n**2 - 5*n + 5. Is j(h) a prime number?
True
Let l(i) = i**2 + 8*i - 16. Let p be l(-10). Suppose 5*s + 12 = 5*r + 2*s, -p*r + 12 = -3*s. Suppose 6*g + 0*g - 5262 = r. Is g a composite number?
False
Suppose -11*u = -2*u + 27. Let p be u/(-12)*6*(-20)/6. Is 3039 - p/(-5) - 1 a prime number?
True
Suppose -4*v = -4 - 8. Let h(j) = v*j + 4*j**2 - 2*j**3 + 0 + 0*j**3 - 1. Is h(-6) a prime number?
True
Let x be 30/5 - 2 - 2/2. Let r(q) = 3*q**3 + q. Let i be r(x). Is (4/14 - 91542/i)*-2 prime?
True
Let j be (3*1)/(((-169)/(-26))/13). Is (-3251)/4*(-4 + -6 + j) a prime number?
True
Suppose 154644 = 3*j + 3*u, 257746 = 5*j - 20*u + 23*u. Is j a composite number?
False
Let s = 139439 - 53128. Is s composite?
False
Suppose -62*f = -57*f - 4*w - 16, -2*w = f + 8. Suppose -2*h - 8029 = -z, -5*z + f*h + 40173 = 4*h. Is z prime?
False
Let b be 12964/18 - (-10)/(-135)*3. Suppose -4*o - o - b = 0. Let j = 395 + o. Is j a prime number?
True
Let r(w) = 15*w**2 + w. Let o be r(7). Let t = 3487 + o. Is t composite?
False
Let s(v) be the second derivative of 17*v**4/12 + 13*v**3/3 + 27*v**2/2 + v - 22. Is s(-8) a prime number?
True
Suppose 5*x + 4*p = 52771, -23*x - 2*p + 52783 = -18*x. Is x composite?
False
Let u = 21 + -17. Suppose 1517 = k + 5*f - 1576, 0 = -k + u*f + 3048. Let i = k - 1587. Is i prime?
True
Let f = -330034 + 524061. Is f a composite number?
False
Let z(s) = 7*s + 10. Let d be z(-2). Let u be 3418/d*(-14 - -18). Is (2/5)/(12/(-15))*u a composite number?
False
Is 20/4 + 12334 + -16 prime?
True
Let m(t) = -67*t + 72*t + 1 + 1165*t**2 + 1006*t**2. Is m(1) a prime number?
False
Let f(b) = 208*b**2 - 12*b - 557. Is f(-24) composite?
True
Suppose -20 = -10*a - 0*a. Suppose -l - 15 = -6*l - 3*w, -a*w - 6 = -2*l. Suppose -3*m + 4642 = l*h + 1462, -5*h = -5*m - 5310. Is h a composite number?
False
Is -3 + 25451 + (-17 - (-56)/7) prime?
True
Suppose -162906 = -3*l + 2*l + d, -4*l + d = -651624. Is l/54 + 4/18 prime?
False
Let i(u) = -u**3 + 8*u**2 + 11*u - 15. Let k be i(9). Suppose 5*f + 4 = 14. Suppose -f*z = 2*l + 2*l - 1506, k*z - 2250 = 3*l. Is z a composite number?
False
Suppose 2*v = 3*q + 8, 2*v - 3*q = -3*v + 20. Suppose -v*d + 40 = 12. Is (6 - (0 + d))*(1 - 54) composite?
False
Suppose k = t + 24 + 46, t - 3*k = -66. Is (-1718600)/t + (-16)/36 a prime number?
True
Let n(v) = 7*v**2 - 9*v + 13. Let k(q) = -q**3 + 10*q**2 + 5*q + 16. Let u be k(12). Let b be ((-51)/(-21) - 3) + u/(-28). Is n(b) a prime number?
True
Suppose 13 = -5*s + 43. Suppose -s*x = x - 78785. Is x a prime number?
False
Let r = 26915 - 6978. Is r composite?
False
Let g = 55599 + -32450. Is g a prime number?
False
Suppose 22025 = 3*f + 2279. Is f - (0/(-8) - 7) composite?
True
Let c = -362770 - -607463. Is c prime?
False
Let q = -45 + 45. Suppose 2*s + 3*r + 21 = -q*s, 4*r + 5 = 5*s. Is 4 + 237*(-1)/s prime?
True
Let m(p) be the second derivative of -p**3/6 + 2*p**2 - 13*p. Let g be m(-21). Suppose 28*y = g*y + 177. Is y composite?
False
Suppose -5*b + 18 = -22. Suppose 4*g = 3*t - 23137, 2*g + b = 6*g. Is t a composite number?
True
Suppose 37*u - 33*u - 2*i - 42 = 0, -4*u + 77 = 5*i. Suppose -u*p + 57558 = 4*v - 11*p, 5*v = p + 71930. Is v composite?
False
Let m(t) = -120*t**3 - t**2 - 9*t + 45. Let j(n) = -n**2 + 2*n + 2. Let c(l) = 6*j(l) + m(l). Is c(-7) prime?
True
Let i be 10/((-2)/(-15)*55/4103). Let t = i - 1802. Is t prime?
True
Suppose -i + 7332 = c, 8*i - 22002 = 5*i - 5*c. Let o = i + -2063. Is o a composite number?
True
Let a = 109 + -37. Is 4*(-4)/a - 94702/(-18) a prime number?
True
Let y(j) = -4*j**3 + 54*j**2 + 253*j + 728. Is y(-61) a composite number?
True
Let p(i) = 16*i - 34. Let g be p(2). Let s(x) = -1398*x - 53. Is s(g) a composite number?
True
Let n = -171 - -175. Suppose 4*i - 4244 = -n*w, -5*i + w + 6152 - 847 = 0. Is i a prime number?
True
Is (-1)/(-4) + -8 + ((-675012)/(-48) - -4) a composite number?
True
Let k = 28 + -2. Suppose 38*u = 11*u + 1539. Let n = u + k. Is n prime?
True
Let c be (-4)/(-6)*(-60)/8. Let g(u) = u**3 - 2*u**2 + 4*u + 8. Let a be g(c). Let k = 413 + a. Is k composite?
True
Let n(x) = 3154*x**2 + 18*x - 129. Is n(7) prime?
True
Suppose 5*s - 168*c + 173*c = 431550, c - 345243 = -4*s. Is s a prime number?
True
Suppose 0 = -n + k - 5*k + 8, 5*k - 6 = -n. Suppose f + 11 = n. Suppose 1045 = -0*w + f*w. Is w a prime number?
False
Let y = -414 - -422. Let r(s) = 3231*s + 79. Is r(y) prime?
False
Let b be -6 - -3 - (-3 + 4)*-6. Suppose b*x - x = 3226. Suppose 7*m - 1288 = 3*m - 4*s, x = 5*m + 2*s. Is m prime?
False
Suppose 22 + 28 = 2*v - 4*z, 4*v = -3*z + 56. Suppose v*y - 870374 = -45007. Is y composite?
True
Suppose 0 = 3*h + 4*z - 545891, -3*z = -94*h + 92*h + 363899. Is h prime?
True
Let d(n) = 2*n**2 + 3*n - 22. Let u be d(8). Let b(m) = -u + 85 - 17*m + 70. Is b(-6) composite?
False
Suppose -5301875 = -46*p - 262578 + 322233. Is p a prime number?
False
Suppose 1688 = -26*t - 2446. Is 371/t - 109144/(-3) a composite number?
True
Let k = 2096 - 6039. Let t = k + 8324. Is t composite?
True
Let s be (-94)/(3/((-18)/3)). Let y = 1182 + -1431. Let o = s - y. Is o prime?
False
Suppose -2*x + 76482 = 4*d, -5*d = -315*x + 319*x - 95595. Is d a composite number?
True
Let r be 16930/17 + (-38)/(-323). Let x = -393 + 698. Let p = r - x. Is p a composite number?
False
Let v(m) = -76611*m + 4624. Is v(-7) a composite number?
False
Suppose 3*v - 14124 = 5706. Suppose -v = -4*w - w. Let p = w + -531. Is p prime?
False
Suppose 8*f - 8625 - 7119 = 0. Suppose -d = -f - 765. Is d composite?
True
Is (7 - 827281/56)/(((-36)/(-32))/(-9)) composite?
False
Is 596397 - (147/(-7) + 7 - -12) composite?
False
Let i = -78 - -80. Suppose i*y + 8 = 0, -5*j = -2*y - 61 - 57. Suppose 18*w + 3796 = j*w. Is w a composite number?
True
Let i be (-4)/10*(-50 - 0). Suppose 5*k + 341 = 5*t - 4, 4*k = i. Is t prime?
False
Let v(c) = -c**3 - 8*c**2 + 4*c + 18. Let h be v(-8). Let m(o) = -4*o**3 - 5*o**2 + 8*o + 13. Is m(h) a composite number?
True
Let t(g) = g - 17. Let y be t(17). Suppose s + 4*l + 14 = y, 3*s - l - 6 = 2*s. Suppose -s*w + 422 = 5*z, -2*z + 523 + 532 = 5*w. Is w a prime number?
True
Let s(x) = -5*x**3 + 36*x**2 - 9*x + 16. Let d be s(7). Suppose -977 - 929 = -d*u. Is u a composite number?
False
Suppose -246375 = -4*y + k, 5*y - 4*k = 53103 + 254852. Suppose -147*r + 152*r = y. Is r a prime number?
False
Let b = 1662732 + -917653. Is b a prime number?
False
Let n(o) = -o**2 - 4. Let v be n(-4). Let a be v/8*(1 + 1). Is 2636 - (a + (-24)/(-3)) composite?
False
Suppose -8*t + 6*t - 6 = 0. Let f(m) = -1382*m + 16. Let d be f(t). Let n = d - 2441. Is n a prime number?
True
Suppose -4*b + 3*b + 3 = 0. Let n(r) = 56*r**3 + 3*r**2 + r + 1. Is n(b) composite?
False
Let n be (-8)/6*(-4 - 2515/2). Suppose -3*p - 2*i + n = 3*i, 4*i = 5*p - 2828. Let r = 98 + p. Is r composite?
True
Suppose 5*i = 3*r + 3950911, -10*i = -7*i - 6*r - 2370576. Is i prime?
False
Let d(t) = 16*t**3 + t**2 + 2*t + 10. Let v be 2/12 + (-87)/36*-2. Is d(v) a composite number?
True
Let b = 142 - 144. Is 505225/70 + 1/b a prime number?
False
Is -7 - (-6113166)/(-17)*-3 a prime number?
True
Suppose -2158633 = 26*b - 85*b. Is b composite?
False
Let m(h) = 3*h**3 - 25*h**2 - 24*h + 263. Is m(31) composite?
True
Suppose 3*c = -6, -9*n + 11*n = 5*c + 6782. Is (6/12)/(1 + (-3385)/n) a composite number?
False
Let v = -3439 - -6684. Let l = -1702 + v. Is l a composite number?
False
Let u(y) = -40*y + 43. Let x(a) = -120*a + 127. Let b(s) =